10d3?
210d6
In base 5, what is 3311 - 12?
3244
In base 15, what is -4a186 - 0?
-4a186
In base 14, what is 7 - -27a0b?
27a14
In base 4, what is -333 - 11112?
-12111
In base 12, what is -21a075 - 4?
-21a079
In base 8, what is -521 + 130?
-371
In base 5, what is -11412140 - -111?
-11412024
In base 12, what is 12106 - 1?
12105
In base 4, what is -2 - 111233103?
-111233111
In base 3, what is 11222102122 + -11?
11222102111
In base 6, what is -5 + 3144?
3135
In base 14, what is -6a + -ab6?
-b42
In base 12, what is -5 - 61b68?
-61b71
In base 15, what is b8 - 127?
-5e
In base 15, what is 1 - -4cc?
4cd
In base 6, what is 13545 + 0?
13545
In base 4, what is -32 + -331003030?
-331003122
In base 16, what is 4326 + -26?
4300
In base 11, what is -5079 - 1?
-507a
In base 15, what is -6685 - -c?
-6678
In base 12, what is -b08 - 27?
-b33
In base 7, what is 0 - 1630564?
-1630564
In base 7, what is 151663 - 26?
151634
In base 14, what is 1 - 2c609?
-2c608
In base 14, what is -5 - -adb33?
adb2c
In base 7, what is 3 - 21552?
-21546
In base 8, what is -67 - 20634?
-20723
In base 9, what is -3 + 3418685?
3418682
In base 5, what is -20240340 + -10?
-20240400
In base 12, what is 112 + 3b3?
505
In base 7, what is 160 + -105001?
-104511
In base 14, what is 3041 - -18?
3059
In base 3, what is 2 + 122202020?
122202022
In base 2, what is -1110010 + 1101110?
-100
In base 13, what is 42226 - -59?
42282
In base 4, what is 3 - -3202320?
3202323
In base 2, what is 1111001111 + 1010?
1111011001
In base 7, what is -601665 - 2?
-602000
In base 9, what is 5021234 - -4?
5021238
In base 16, what is -1126e + 0?
-1126e
In base 2, what is -1 - -11110000100010110?
11110000100010101
In base 12, what is -5 - 348b?
-3494
In base 5, what is -10 - -20440?
20430
In base 13, what is 112 + 3942?
3a54
In base 7, what is -3064 + 56?
-3005
In base 16, what is -d - 889?
-896
In base 9, what is -281 + 857?
566
In base 5, what is -20 + -10134143?
-10134213
In base 11, what is 81 - 230a?
-2239
In base 7, what is 31 - 5533?
-5502
In base 9, what is -130 - -272?
142
In base 5, what is 3042 + 2330?
10422
In base 9, what is 4 - -1228574?
1228578
In base 11, what is 27 + -7a64?
-7a38
In base 15, what is -1 + 9a876?
9a875
In base 6, what is 5551525 + 24?
5551553
In base 10, what is 13 + 47228?
47241
In base 16, what is 3883b + 3?
3883e
In base 15, what is -bc156 + 3?
-bc153
In base 11, what is -2703 + 56?
-2658
In base 14, what is 85 - -21a?
2a1
In base 8, what is 52 + 16001?
16053
In base 13, what is -3 + -5311?
-5314
In base 13, what is 88b4 + -1?
88b3
In base 5, what is 12 - 402011?
-401444
In base 13, what is 3 - -77c1?
77c4
In base 13, what is 2 - -492?
494
In base 8, what is -136 - -750?
612
In base 6, what is -122130 - -44?
-122042
In base 8, what is -5 + 4343435?
4343430
In base 9, what is -2076 - 1031?
-3117
In base 11, what is -1 + 79637?
79636
In base 7, what is -4 + -315443?
-315450
In base 7, what is 25243551 + 1?
25243552
In base 6, what is 205334 + -31?
205303
In base 15, what is 9 + a5b8?
a5c2
In base 15, what is 5 - -41879?
4187e
In base 9, what is 0 + 48480?
48480
In base 5, what is -4 - 124044?
-124103
In base 5, what is -410 + -101320?
-102230
In base 11, what is 43 + a574?
a607
In base 15, what is -178 - 159?
-2d2
In base 14, what is -132 + 121?
-11
In base 6, what is 30514201 + 1?
30514202
In base 7, what is 143316 + 11?
143330
In base 15, what is 5 - 1e42c?
-1e427
In base 15, what is 1b0 - 184?
2b
In base 14, what is 3 - 24893?
-24890
In base 16, what is -66 + f?
-57
In base 15, what is -513a8 + -4?
-513ac
In base 2, what is -1100100111101 + -11110011?
-1101000110000
In base 13, what is 90c6 - -4?
90ca
In base 12, what is 12b + 1909?
1a38
In base 10, what is 36536 + 8?
36544
In base 14, what is -2a6 + -236?
-4dc
In base 4, what is -11 + 2233232?
2233221
In base 14, what is 4 - 8b61?
-8b5b
In base 16, what is 3 + -201ff?
-201fc
In base 3, what is 1210 - -2110221?
2112201
In base 16, what is 9b8 + 28?
9e0
In base 15, what is d02 - 2?
d00
In base 16, what is -8 + 754?
74c
In base 11, what is 7 + -a3098?
-a3091
In base 5, what is -1 + -120302301?
-120302302
In base 12, what is 851442 - -4?
851446
In base 11, what is 5 - 167616?
-167611
In base 2, what is 100 + 10010101110011001000?
10010101110011001100
In base 5, what is 4 + 144314?
144323
In base 9, what is 868 - 332?
536
In base 14, what is 350b - -b?
3518
In base 16, what is -c657 + 0?
-c657
In base 5, what is -121 + 10103?
4432
In base 14, what is -21 - -1b?
-4
In base 8, what is 417657 + -7?
417650
In base 14, what is -1 + -23212?
-23213
In base 10, what is -13932 - -1?
-13931
In base 16, what is -4 - -6758d?
67589
In base 13, what is 3 - 713?
-710
In base 10, what is 325332 - -4?
325336
In base 8, what is -2 + -334737?
-334741
In base 8, what is 307307 - 1?
307306
In base 5, what is -2 + 1100430?
1100423
In base 11, what is -3 - -48982?
4897a
In base 7, what is -333636 + -6?
-333645
In base 4, what is 3110301221 + -2?
3110301213
In base 2, what is 11011001110101000 + -110?
11011001110100010
In base 13, what is 195 + 52?
217
In base 3, what is 1001101211 - 12?
1001101122
In base 3, what is -12122 + 11212?
-210
In base 8, what is -3120 + 110?
-3010
In base 4, what is 213 - 200003003?
-200002130
In base 3, what is -2110100 + 20220?
-2012110
In base 6, what is 3505 - 55?
3410
In base 11, what is 6 - 22891?
-22886
In base 2, what is 11010110010100 - 101011?
11010101101001
In base 4, what is -2100 - -1320?
-120
In base 6, what is 310313 - -2?
310315
In base 16, what is 17 - 11f?
-108
In base 8, what is -12 + 57673?
57661
In base 11, what is 325 - -1667?
1991
In base 6, what is 1525 - -224?
2153
In base 9, what is -64 - 1278?
-1353
In base 5, what is -13442110 + -2?
-13442112
In base 14, what is 1c1d + 2a?
1c49
In base 5, what is 114334 + 0?
114334
In base 4, what is 1230 + -1330113?
-1322223
In base 16, what is -2 - -e3?
e1
In base 3, what is -1 + 10211012?
10211011
In base 10, what is -74012 + -2?
-74014
In base 3, what is 1101222210 + -12?
1101222121
In base 4, what is 0 + 1202?
1202
In base 2, what is 1 - 11110101001100110?
-11110101001100101
In base 14, what is 3 + -234696?
-234693
In base 6, what is 2 - 4504310?
-4504304
In base 12, what is -15350 - -3?
-15349
In base 11, what is 5a - 25433?
-25384
In base 2, what is -1 + 1001001001110?
1001001001101
In base 11, what is -8 + 677a?
6772
In base 12, what is -11 + -1553?
-1564
In base 12, what is 18 - -2094?
20b0
In base 16, what is 5 - c5b2?
-c5ad
In base 7, what is -50340536 - -2?
-50340534
In base 8, what is -1 + -15304?
-15305
In base 12, what is -4 - 7b97?
-7b9b
In base 12, what is 182a5 - 7?
1829a
In base 8, what is 2165655 - -3?
2165660
In base 4, what is 3 + -102310000?
-102303331
In base 15, what is 1b1 + -2036?
-1d75
In base 14, what is 0 + 14374b?
14374b
In base 14, what is -745c + 18?
-7444
In base 16, what is 2 - ccb3?
-ccb1
In base 14, what is 1dd42 - 3?
1dd3d
In base 11, what is 827 + 567?
1293
In base 12, what is -5b41 + 8?
-5b35
In base 16, what is -5d89 - -1?
-5d88
In base 13, what is -3 - -13acb7?
13acb4
In base 9, what is -6 + 62464?
62457
In base 11, what is -4 + -2677?
-2680
In base 16, what is 1 + 521c?
521d
In base 15, what is 0 + a257?
a257
In base 2, what is 100001100011111100 - -1110?
100001100100001010
In base 4, what is -2021 - 303?
-2330
In base 11, what is 1267 + 80?
1337
In base 14, what is 2ca58d - -3?
2ca592
In base 13, what is 13 + 134bc?
13502
In base 4, what is 2 - 13332233?
-13332231
In base 13, what is 8 + -3b0b?
-3b03
In base 12, what is -8 + 6a5?
699
In base 13, what is 11a80 + 1b?
11a9b
In base 14, what is -11 - -43572?
43561
In base 15, what is 2a2d2e + 0?
2a2d2e
In base 14, what is 5 + 1d5a?
1d61
In base 10, what is -1 - -4598?
4597
In base 16, what is 3 + 71086?
71089
In base 5, what is -1413 - 202?
-2120
In base 11, what is 83 + -53?
30
In base 9, what is -2 + 73601?
73588
In base 13, what is 10 + 9ac7?
9b07
In base 13, what is 3c79 + -11?
3c68
In base 4, what is 2 - -2113230331?
2113230333
In base 4, what is 10 - -11232002?
11232012
In base 3, what is -2221022 - 101101?
-10022200
In base 16, what is -64e + 168?
-4e6
In base 15, what is 7e + 8ebc?
904b
In base 12, what is -5 - 7b65?
-7b6a
In base 8, what is -1 - -133777?
133776
In base 11